t of a(0)?
8
Let v be 2*1/(-2) - (-40)/(-2). Let i = v - -76. What is the tens digit of i?
5
Suppose 3*f - 3*s = -5*s - 301, -111 = f - 2*s. Let p be (f/1)/((-2)/4). Suppose -5*i - 170 = k - 5*k, 3*i + p = 5*k. What is the tens digit of k?
4
Let v(c) = 16*c - 251 + 125 + 122. What is the units digit of v(4)?
0
Suppose 0 = 10*i - 6*i - 3792. What is the tens digit of i?
4
Suppose 0 = 5*u + 2*g - 30, 0 = 5*u - 3*g - 6 + 1. Suppose -4*z = w - 23, -1 = -4*z + u*w + 7. What is the units digit of z?
5
Suppose -2*u + 7*u = 10. Suppose 5*j + p = -0*j + 986, -5*p = -u*j + 416. What is the units digit of j?
8
Let i be (-6*1)/(-2) - -2. Suppose i*m + 5*o = 85, -5*o + 32 + 9 = 3*m. What is the tens digit of ((-11)/m)/(2/(-96))?
2
Let u be -30*(-3 - -4 - (-1)/(-3)). What is the units digit of 547/(-10)*-2 + 8/u?
9
Let j(g) = -g**2 + 12*g - 11. Let w be j(11). Let x = 2 - w. Suppose 4*u = 4*f - 64, -3*u = x*f - 6*f + 67. What is the units digit of f?
9
Suppose -2*i = 3*i - 15. Suppose 0 = -7*a + i*a - 280. Let n = -42 - a. What is the units digit of n?
8
Suppose 0 = -5*t + 5 - 25. Let h be (t/6)/((-4)/348). Let p = h - 38. What is the tens digit of p?
2
Let p(d) = -11*d**2 + 1 + 10*d**2 + 7*d + 9*d. Let w(v) = -2*v - 4. Let c be w(-8). What is the units digit of p(c)?
9
Suppose 0 = 2*a + c - 5, -2*c - 2*c = 5*a - 11. Suppose a*p + 5*o = -2*p - 60, o - 72 = 5*p. What is the units digit of (-21)/p - 122/(-4)?
2
Suppose 695 = 5*c - 3005. What is the hundreds digit of c?
7
Let r = -216 - -5034. What is the thousands digit of r?
4
Let a(o) = o**2 + 6*o + 2. Let m be a(-6). Let l(z) = 37*z**2 - 4*z + 6. What is the tens digit of l(m)?
4
Let x = -2 - -4. Let b(k) = k**2 - 1. Let q(l) = 11*l**2 - 3*l. Let r(f) = -2*b(f) + q(f). What is the tens digit of r(x)?
3
Let j(d) = 2*d + 16. Let o be j(-6). Let w(b) = -2*b**2 + 4*b - 6. Let l be w(o). What is the units digit of (-17 - l)*(-8)/(-5)?
8
Suppose -2 = 2*s - 6. Suppose -i = 2*k - 4, -i + 0*k = -s*k - 4. Let v(n) = -n**2 + 4*n + 3. What is the units digit of v(i)?
3
Suppose 2*f - 2*a = -8 + 4, f - 5*a = -6. Let n be 16/(f/((-27)/6)). Suppose -2*d = 4*x - 46, 0 = -4*d + x + n + 20. What is the units digit of d?
3
Suppose -32*d + 33*d = -1016. What is the hundreds digit of (1/(-1))/(8/d)?
1
Let n = -7 + 7. Suppose g + n = 4. Suppose 3*o = -o + g. What is the units digit of o?
1
Suppose -3*i - j + 20 = i, 2*i + 3*j = 20. Suppose -5*b + i*b = -4, 5*c = 5*b + 45. What is the units digit of c?
3
Suppose 0 = -4*g - 15 + 111. What is the units digit of g?
4
Suppose -5*m + 4*i = 5*i - 3619, 2*m - 1466 = -5*i. What is the tens digit of m?
2
Suppose 33*z = 34*z + 5, n - 625 = -2*z. What is the units digit of n?
5
Let o = 52 + -93. Let d = -19 - o. What is the tens digit of d?
2
Let z(y) = -8*y + 9. Let d be z(3). Let f be (-4)/(-1)*d/4. Let s(p) = p**2 + 13*p + 3. What is the tens digit of s(f)?
3
Suppose a = 5*i - 1, a - 6*a = 2*i + 5. Let d(z) = -2*z + 2*z + i*z - 3*z + 7. What is the units digit of d(-3)?
6
Let h = 495 + 604. What is the tens digit of h?
9
Let r(c) = -c + 6. Let h be r(5). Let v be -2*22*(-7)/2. What is the tens digit of v/8 + h/(-4)?
1
What is the tens digit of 58 + 4/(-4) + 6?
6
What is the tens digit of (11 - 87)*25/(-4)?
7
Suppose -60*m = 2*z - 65*m - 1928, z - 950 = -m. What is the hundreds digit of z?
9
Suppose 0 = -s - 3*v + 11, -s = -2*s + v - 1. Suppose 6 = 3*n + b, 0*n + 3*b = s*n - 15. Suppose n*g = 24 + 30. What is the tens digit of g?
1
Suppose 4*w + u - 14542 = -u, -3*w - 4*u + 10909 = 0. What is the thousands digit of w?
3
Suppose 15*r + 863 = 5423. What is the tens digit of r?
0
Suppose 2*y - 480 = -5*v, -5*y + v = -0*y - 1173. Let d be (-4881)/(-21) - 12/(-21). Suppose 5*b - 2*w = 2*w + d, -5*b = -5*w - y. What is the units digit of b?
5
Let d(u) = u**3 - 10*u**2 - 23*u + 32. What is the units digit of d(14)?
4
Suppose 5*j - 28 + 13 = 0. Let w(v) = -1 - j*v - 2 - 2 - 3. What is the units digit of w(-9)?
9
Let o be (-3 - 4/(-3))*-3. Suppose -2*g - 1 = -b + 1, -o*b - 3 = 3*g. What is the tens digit of (8 + g)*(-10)/(-2)?
3
Let h = -3064 + 7482. What is the tens digit of h?
1
Suppose 21500 = 28*z + 8704. What is the hundreds digit of z?
4
Let i = -4301 - -6052. What is the units digit of i?
1
Let f(n) be the first derivative of -22*n**2 + 1. Let x be f(-2). Suppose 4*v = -o + x, 121 = -0*v + 5*v + 4*o. What is the tens digit of v?
2
Let c(k) = -322*k + 4. Let v be c(-1). Let p = -181 + v. What is the hundreds digit of p?
1
Let t = 67 - 68. What is the units digit of 0 + t + (-44)/(-4)?
0
Let r(q) = -q**2 - 9*q + 24. Let i be r(-11). Suppose i*w - 8*w + 696 = 0. What is the tens digit of w?
1
Suppose w = -4*w + 930. Let f = 261 - w. What is the tens digit of f?
7
Suppose k = 2*k - 7. Suppose -200 = 2*j - k*j. Suppose -2*q = -j - 6. What is the tens digit of q?
2
Let t be 9 + (-3 - (4 + -6)). Let k be -1 + -4 + t/4. What is the units digit of k - 1/(2/(-40))?
7
Let q be (-3 + 63/15)/(6/20). Suppose q*c - 268 = 2*x + 264, 392 = 3*c + 2*x. What is the units digit of c?
2
Let m(g) = -33*g + 28. Let t be -5*(3 - (-9)/(-5)). What is the tens digit of m(t)?
2
Let x(q) = q**2 - 18*q + 8. Let y be x(18). Let a = y - 3. Suppose -3*t = -2*r - 157, -t + a*r = -0*t - 61. What is the tens digit of t?
5
Let r = 45 - 41. Let w = 13 + r. What is the units digit of w?
7
Suppose 3*d = 4*d - 3. Suppose -d*y + y + 128 = 0. Let r = y - 38. What is the tens digit of r?
2
Suppose 5 = -r + 2*r - 5*h, -2*r - 5*h = 5. Suppose -4*y - 3*z - 7 = -2*y, r = -4*y - z + 1. What is the units digit of y?
1
Let a(y) = 0*y - 17 - 4*y**2 + y**3 - 3 + 16 - 11*y. What is the units digit of a(7)?
6
What is the units digit of 3/(12/(-52))*(-88 + 7)?
3
Let w(z) = -z**2 - 5*z + 1. Let j be w(-4). Suppose g + 3*b - 20 = 1, 5*b = 5*g - j. Suppose 0 = 3*s - 3, p = -g*s + 2*s + 23. What is the units digit of p?
9
Let h(i) = 4*i**2 - 10*i - 14. Let t be h(11). Let f = t + -208. What is the units digit of f?
2
Suppose -4*w + 32 + 8 = 3*l, -4*w + 16 = 0. Suppose 4*q + 0*q = l. Suppose -34 = q*f - 3*f. What is the tens digit of f?
3
Let g be (0 + (-2 - 0))/(12/(-18)). Let s = 91 - 31. Suppose s = -g*f + 183. What is the tens digit of f?
4
Suppose -3*a = -323 - 73. What is the tens digit of a?
3
Let m = 3 - -16. Suppose -4*j + 13 = -m. What is the units digit of j?
8
Let p = 1537 - 1304. What is the tens digit of p?
3
Let a(d) = -12*d**3 + 10*d**2 + 9*d - 1. Let f(r) = -r**3 + r**2 + r. Let k(p) = -2*a(p) + 18*f(p). What is the tens digit of k(2)?
4
Suppose 9*t - 4*t - 40 = 0. Suppose h + h = 3*s - t, -5*h - 20 = -2*s. Suppose 0 = -4*f + 2*p + 50, s*f + 25 = 3*f + p. What is the units digit of f?
0
Let t = -504 - -796. What is the hundreds digit of t?
2
What is the tens digit of (-1040)/(-60)*(15 + 0)?
6
Let w(g) = 4*g + 12. Let y be w(-6). What is the units digit of (4/(-4))/(4/y)?
3
Let y(r) = r**3 + 6*r**2 + 5*r + 3. Let p be y(-5). Suppose -442 = -p*x + 4*g, 2*g + 74 = 2*x - 218. What is the units digit of x?
2
Let i be (-129)/4 - 6/(-24). Let p be i/6 + 2/(-3). Let u(n) = n**2 + 3*n. What is the units digit of u(p)?
8
Let b(k) = -k**2 + k + 22. Let g be b(5). Suppose 0 = g*x - o - 161 - 11, 4*o = 4*x - 336. What is the tens digit of x?
8
Suppose -3*b + 4*g = 2*g - 27, -5*b = -5*g - 45. Suppose -u + b = 2*u. What is the units digit of u/(-1) - (-42)/2?
8
Let l(b) be the third derivative of b**5/60 + b**4/24 + 2*b**3/3 - 3*b**2. Let w be l(0). Suppose 9 = 5*k + w. What is the units digit of k?
1
Suppose -14206 - 10274 = -24*o. What is the units digit of o?
0
Suppose 18*j + 10327 = 62761. What is the hundreds digit of j?
9
Suppose 5*o - 25 = 4*c, 0 = -c + 3*c. Suppose -o*i + 3*j = -943, -378 - 185 = -3*i - j. What is the units digit of i?
8
Let c = -24 - -29. Suppose 0 = -t - 3*x - 9, x + c = -5*t + 16. Suppose -t*f + 34 + 20 = 0. What is the tens digit of f?
1
Let r(g) = -7*g**3 + g**2 + 10*g + 49. What is the thousands digit of r(-6)?
1
Suppose 4*q - 8 = -l, 2*q = -0*q + 4*l - 14. Let x(w) = 47*w - 1. What is the tens digit of x(q)?
4
Let n(a) = a**2 - 9*a + 23. Let v be n(7). Let r(w) = 9*w - v*w - 6*w - 13. What is the tens digit of r(-8)?
3
Let h = -342 - -636. What is the units digit of h?
4
Suppose 3*x + 9 = v, x + 17 = 5*v - 0. Wha